9 + 3*r + r. Let u be s(5). Calculate the greatest common divisor of u and 3.
3
Suppose 5*u = -k - 14, 0 + 2 = 2*k. Let y be 1/u + 34/3. Calculate the greatest common factor of y and 1.
1
Let v(t) = 2*t**2 - 3*t + 2. Let z be v(3). What is the highest common divisor of z and 1?
1
Let h(a) = a**2 + 9*a + 10. Let f be h(-8). Suppose -3*x - f = -4*x. Let i = x + 2. Calculate the greatest common factor of 10 and i.
2
Let q(d) = d**2 - d - 10. Let c be q(7). What is the greatest common factor of 8 and c?
8
Suppose -2*l = 0, -45 = -11*d + 6*d + 5*l. Let v(g) = 62*g**2 + 1. Let s be v(1). What is the greatest common divisor of s and d?
9
Let f be -1*(20 + -1)*2. Let g = f + 66. Calculate the greatest common factor of g and 7.
7
Let a = 116 - 62. Let d = 225 - 332. Let t = -71 - d. What is the highest common factor of a and t?
18
Suppose 0 = 48*v - 46*v - 24. What is the greatest common divisor of v and 132?
12
Let w(z) = 4*z**2 + 4*z + 7. Let f be w(-6). Let y = f + -79. Calculate the greatest common divisor of y and 12.
12
Let i be (72/(-30))/(1/(-5)). Calculate the greatest common factor of 84 and i.
12
Suppose 13*g = 11*g + 132. Calculate the highest common factor of 44 and g.
22
Suppose 48 = 4*r - 0*r. Let d = 20 - r. Let f(j) = -j**3 - 2*j**2 - 5*j + 4. Let i be f(-4). Calculate the greatest common divisor of d and i.
8
Suppose -o - 2*b - 3 = -4*o, 0 = 2*b + 6. Let m be (-5)/1 + 4/4. Let h be o - -2 - (m + -5). Calculate the highest common factor of 5 and h.
5
Suppose 3*c - 3 = m, 4 = -m + 4*c - 2. Let b(l) = -4*l - 2. Let v be b(-2). Calculate the highest common factor of m and v.
6
Suppose 2*h + 5*z = 593, -247 - 361 = -2*h - 2*z. Let f = h - 144. Suppose 2*m = 5*m - f. Calculate the greatest common divisor of m and 22.
11
Let m(z) = 23*z**3 - 2*z + 1. Suppose 2*o - b = 7, -o - 3*o - 11 = 3*b. Let u be m(o). What is the highest common divisor of 88 and u?
22
Suppose 4*q = -d - 14, -2*d + d - 10 = 3*q. Calculate the greatest common factor of 14 and d.
2
Let o be (0 - -1)/(1/11). Suppose x + x - 22 = 0. Calculate the highest common divisor of o and x.
11
Let x = -20 - -25. Calculate the highest common divisor of 2 and x.
1
Suppose 2*l = 3*l - 5*s - 73, -4*l - 4*s + 244 = 0. What is the highest common divisor of 42 and l?
21
Let d be (-29)/(-4) - 2/8. Let v(s) = s**3 - 6*s**2 + 3*s - 9. Let y be v(6). Let c be ((-336)/18)/((-3)/y). What is the greatest common factor of c and d?
7
Suppose -22 = -2*z + 6. Let r(n) = -5*n + 2. Let p be 4/18 - 55/45. Let y be r(p). What is the highest common factor of y and z?
7
Suppose b = -7*p + 2*p + 15, -p = b + 1. Let z = 91 - 9. Suppose -4*r + z - 3 = -5*v, 0 = p*r + 3*v - 87. Calculate the greatest common divisor of 7 and r.
7
Let g(f) = f**3 - 7*f**2 + 4. Let d be g(7). Suppose -58 = -d*a + 2*u, 0 = 4*a - a - 5*u - 61. What is the highest common factor of 36 and a?
12
Let y be 2/(-10) - 3/(-15). Suppose -23 - 7 = -3*r - 4*m, 2*r - 3*m - 20 = y. Calculate the highest common factor of r and 10.
10
Suppose 4*t - 4*j = 1104, 3*t - 4*j - 1378 = -2*t. Suppose 5*a - 2*q - 1325 = -3*q, 2*q = -a + t. Calculate the greatest common factor of a and 24.
24
Let h = -108 + 136. What is the greatest common factor of 112 and h?
28
Let q be 12/(-8)*(-24)/9. What is the highest common factor of q and 20?
4
Suppose -4*j = -58 - 22. Let r be j/(-25)*(-10)/4. Calculate the highest common divisor of 16 and r.
2
Let q = 8 + -6. Let j be (5 + 1)/(q/24). Suppose -17 = -4*h - 0*h + 3*i, 19 = 3*h - i. Calculate the highest common factor of j and h.
8
Suppose -5*t = 2*z - 990, -646 - 344 = -5*t + 4*z. Let o be (-32 + 10)/(-1 + 0/(-1)). Calculate the greatest common divisor of o and t.
22
Suppose 8 = -r + 24. Let f be (-8)/r*(-5 + 1). What is the greatest common factor of 8 and f?
2
Let g be 1/(3/40527) - 1. Let q be g/20 + 6/(-15). Suppose 2*z - q = -z. What is the greatest common divisor of z and 25?
25
Suppose 5*f - 27 = -2*y, 5*f - f = 4*y - 124. Suppose j - 3 = -4*r, j + 2*r + y = 3*j. Calculate the greatest common divisor of j and 1.
1
Let s(g) = -g + 1. Let q be s(-2). Suppose 0*y + 5*a - 230 = -q*y, y = 2*a + 62. What is the highest common factor of y and 14?
14
Suppose -8*l - 5*l + 832 = 0. Calculate the greatest common factor of 8 and l.
8
Suppose -8*d + 3*d + 200 = 0. Suppose 0*a - 10 = -a. What is the greatest common factor of a and d?
10
Suppose 4*j + 0 = 20. Suppose 4 = 2*w, -2*w - 305 + 49 = -j*y. Suppose 4*t = -3*u + y, -3*t + 38 = 2*u + 5. What is the highest common factor of u and 16?
8
Suppose 22 = 2*s - 5*n + 3*n, -4*s + n + 47 = 0. Calculate the highest common factor of s and 168.
12
Let b be (-16)/(-32) - 1*(-14)/4. What is the greatest common factor of b and 6?
2
Let h(u) = 12*u**2 + 1. Let q be h(-1). Let k be (-6)/9*(4 + -1). Let w be k/(-3) + (-74)/(-6). Calculate the greatest common factor of w and q.
13
Suppose -4*i + 4*j = -4, 3*i + j + 1 = -0. Suppose -n = -i*n. Suppose n = -4*o + 17 + 31. Calculate the highest common divisor of o and 96.
12
Suppose 3*l = -l + 20. Suppose l*z - 302 - 153 = 0. Suppose 1 = -2*w + 27. Calculate the greatest common factor of z and w.
13
Suppose t + 5*m - 62 = 0, 0 = m + 5 - 3. Suppose 5*u = 19 + 21. Calculate the greatest common factor of u and t.
8
Suppose -2*z + 5*z - 18 = 0. Suppose 3*d = 3*k - 12 - z, -4*k + 24 = -2*d. Calculate the greatest common factor of k and 9.
3
Let v be (-7)/(-35) - (-48)/10. Suppose v*q + 1 = 26. Calculate the highest common factor of 25 and q.
5
Suppose 0*q + 4*q - 3*j - 30 = 0, -4*j - 19 = -3*q. Calculate the greatest common factor of q and 27.
9
Let c = 16 + -11. Suppose -5*o - 141 = -2*v, 0*v = -4*v + c*o + 277. What is the highest common divisor of 17 and v?
17
Let r(h) = 2*h**2 - 17*h - 22. Let l be r(10). What is the highest common factor of l and 8?
8
Suppose -5*j - 2*t = -68, 2*t = 4*t + 2. Let l = -8 + j. Calculate the highest common divisor of 4 and l.
2
Suppose -5*o - 2*a = -5*a - 207, 213 = 5*o + 3*a. What is the highest common divisor of o and 105?
21
Let z be 57*-2 + 1 - 2. Let g = -16 - z. Let h(o) = -o**2 - 6*o + 1. Let n be h(-4). Calculate the greatest common divisor of n and g.
9
Let a(f) = f**3 - 10*f**2 - 7*f - 10. Let j be a(11). What is the greatest common factor of j and 306?
34
Let c = 38 + -23. What is the highest common divisor of c and 15?
15
Let q = -21 + 12. Let c = q - -14. What is the highest common divisor of c and 15?
5
Let t = 5 + 27. Suppose -3*s - 5 = -11. Suppose 16 = s*f + 2*f. Calculate the greatest common factor of f and t.
4
Let h = 24 - 10. Suppose 2*f + 5*u - u - 2 = 0, 2*u - 5 = 3*f. Let x be 72 + 1 + f + -2. Calculate the highest common factor of h and x.
14
Suppose -5*a = -75 - 45. Let f be (a/32)/(2/456). Suppose -3*o = -17 - 40. Calculate the greatest common divisor of o and f.
19
Let r = 2 - -1. Suppose 0 = -2*x - r*x. Suppose -25 = -5*t + i, 0*t - 3*t + 3*i + 27 = x. What is the greatest common factor of 2 and t?
2
Let a be (15/10)/(3/(-4)). Let g(z) = -z**2 - 5*z - 1. Let m be g(a). Calculate the highest common factor of 5 and m.
5
Let u be (-60)/18*(-12)/10. Suppose 0*y + u*y = 120. What is the greatest common factor of y and 5?
5
Let x(k) = -k**2 - 3*k. Let u be x(-2). What is the greatest common factor of 16 and u?
2
Let a(o) = -5*o + 9. Let r be a(-9). Suppose r = 5*v - x, -10 = -v - x - 4. Calculate the highest common factor of v and 5.
5
Let b be ((-3)/2 - -2)*-12. Let o be ((-8)/b)/((-6)/(-9)). Let f(a) = a**2 - 2. Let u be f(o). What is the highest common divisor of u and 8?
2
Suppose -21 = -3*n - 3. Let k be n/8*2*2. Calculate the greatest common factor of 21 and k.
3
Let t be (-16)/(-12)*3/(-2). Let x be 1/2*212 - t. Calculate the highest common factor of x and 12.
12
Let l = 27 - 3. Calculate the highest common factor of 16 and l.
8
Let k(z) = z + 7. Let m be (-28)/6 + (-2)/(-3). Let s = m + 4. Let x be k(s). What is the highest common factor of x and 56?
7
Let f = 6 + -2. Suppose -f*x = -152 - 100. Let s(p) = -p + 4. Let v be s(-3). What is the highest common divisor of x and v?
7
Let k = -34 + 49. Suppose -3*i + 3 = -6. Calculate the greatest common divisor of i and k.
3
Suppose -6*m + 36 = -3*m. Calculate the highest common divisor of m and 36.
12
Let x(v) = -v**2 + 6*v - 7. Let 